late a(-10).
-4
Let c(g) be the second derivative of g**4/12 + g**3/6 - 17*g**2/2 - 29*g + 25. What is c(0)?
-17
Let c = -2054 - -2061. Let o(q) = 5*q**2 + q + 1. Let p(a) = -10*a**2 - 2*a - 2. Suppose -5*g = -5 - 10. Let i(v) = c*o(v) + g*p(v). What is i(-1)?
5
Let t(k) = -k + 4. Let c(w) = 2*w + 2. Let r be c(-1). Suppose 0 = -r*q - q + 2. Let b be -2 + 5 + q + -8. Calculate t(b).
7
Suppose 5*g + 5 + 29 = -y, -y + 2*g = -1. Let m(v) = -v**2 - 10*v + 3. Let b be m(y). Let q be b + (-4 - (4 + -3)). Let c(p) = p. Give c(q).
7
Suppose -2*u = 12*u + 10*u + 144. Let q(r) = r**3 + 8*r**2 - 4*r - 8. Calculate q(u).
88
Let p = -35 + 35. Let f(v) = v**2 + 3*v. Let w(c) = -c + 1. Suppose 4*b = 5 + 7. Let a(y) = b*w(y) + f(y). Calculate a(p).
3
Let d(l) = -2*l + 1. Let a(w) = -w + 1. Let b(c) = -3*a(c) + 2*d(c). Let j = 299 + -288. Suppose -2*f - 3*x + j = 0, -3*f + 3 + 12 = 3*x. Calculate b(f).
-5
Suppose -w - 3*g = -6, 4*w - 25 = -2*g + 19. Let u(n) be the first derivative of n**2/2 - 3*n + 14058. Calculate u(w).
9
Suppose 0*v + 3*a = -5*v + 6, -2 = -5*v - a. Let u be 2 - (2 - 0) - v. Let n(o) be the third derivative of o**5/60 - 7*o**3/6 - 89*o**2 - o. Determine n(u).
-7
Let n(c) be the third derivative of c**7/840 - c**6/72 + c**5/120 + 5*c**3 - 73*c**2. Let v(g) be the first derivative of n(g). Calculate v(2).
-10
Let w(p) = -1 + 231*p**2 + 240*p**2 - 713*p**2 + p + 222*p**2. Calculate w(1).
-20
Let d(j) = -8*j**3 + 60*j**2 - 62*j + 3. Let k(b) = 3*b**3 - 23*b**2 + 21*b - 1. Let r(w) = -4*d(w) - 11*k(w). Determine r(14).
41
Let l(a) be the first derivative of 0*a + 23/2*a**2 + 5/6*a**3 + 1/60*a**5 + 12 - 3/8*a**4. Let j(g) be the second derivative of l(g). Determine j(7).
-9
Let y(v) = -151*v**2 + 79*v**2 - 8 + 71*v**2 + v. Let z(p) = p + 32. Let j be z(-26). Suppose -5*l = -j*l. What is y(l)?
-8
Let a(f) = 11*f + 24. Let k be a(-2). Let b(o) = 7*o - k*o + o - 13*o. Calculate b(-1).
7
Let y(w) = -w**3 - 5*w**2 + 8*w + 9. Let f be (4/6 - 1)/((-29)/(-522)). Calculate y(f).
-3
Let i(x) = 53*x + 24. Let t(q) = 165*q + 70. Let d(o) = -17*i(o) + 6*t(o). What is d(-2)?
-166
Suppose -635 = 4*c + 62*h - 65*h, -334 = 2*c + 4*h. Let t = -155 - c. Let l(s) = -s**3 + 4*s**2 + 7*s + 8. Give l(t).
-22
Let o(q) be the second derivative of q**5/20 - q**4/6 - q**3/3 - q**2 + 8*q. Let l = -2041 - -2044. Determine o(l).
1
Let y(s) be the first derivative of s**3/3 + s**2/2 - 6*s + 16. Let l(v) = -v. Let o(c) = -4*l(c) - y(c). Let x(u) be the first derivative of o(u). Give x(-5).
13
Let d = 145 - 147. Let v(g) be the third derivative of -g**7/420 - g**5/60 + 5*g**4/24 - 10*g**2. Let b(c) be the second derivative of v(c). Give b(d).
-26
Suppose -4*i + n = 25, i - 2*i - 4*n = -15. Let t = -27 - i. Let h = -17 - t. Let p(j) = -j**2 + 7*j + 6. What is p(h)?
16
Let t be (-36)/54*15 - -2*2. Let v(r) = 2*r**2 + 13*r + 18. What is v(t)?
12
Let x(b) be the first derivative of -b**6/120 - b**5/30 - 5*b**3/6 - 95*b**2/2 + 2*b + 198. Let r(u) be the second derivative of x(u). What is r(-3)?
4
Let k be 2/(-10) + 33/15. Let y(r) = -4*r + 54 + 5*r - 109 + 56 - r**k. What is y(-1)?
-1
Let b = -1430 - -1417. Let u(z) = 3*z + 25. What is u(b)?
-14
Suppose 0 = 1836*m - 1840*m. Let f(y) = -y + m*y + 3 + 2*y + y - y. Determine f(3).
6
Let c(d) be the second derivative of -1/20*d**5 - 2 + 7/2*d**2 - 31*d + 1/6*d**3 - 3/4*d**4. What is c(-9)?
-2
Let w = 3592 - 3591. Let u(h) = 20*h + 8. Give u(w).
28
Suppose -3*q - 5*r = 3, 5*q - 7 = -3*r + 4. Let h(t) = -813 - q*t + 812 + 2*t. Calculate h(0).
-1
Let s(z) = -6*z**3 - 61*z - 3 - 5 + 54*z. Let r(k) = 7*k**3 + 8*k + 9. Let p(j) = 5*r(j) + 6*s(j). Calculate p(0).
-3
Let n(c) = -13*c - 51. Let z(i) = -28*i - 113. Let v(d) = -13*n(d) + 6*z(d). What is v(2)?
-13
Let x be (-116)/(-14) + -2 - 2/7. Let b(v) = 6*v**2 + 7 - 6*v - 2*v**3 + v**3 - 6*v + x*v**2. Determine b(11).
-4
Suppose 9 = 3*o + p, 0 = 123*p - 121*p. Let y(b) = b**3 + 6*b - 2. What is y(o)?
43
Let o(r) = 8 - r**3 + 28409*r**2 - 28416*r**2 + r - 4. What is o(-8)?
60
Let z(w) = 3*w**3 - w. Let q(m) = 4*m - 51. Let d be q(12). Let g be (-2)/d*(-8 + 19/2). What is z(g)?
2
Let k(x) = -x**3 - x**2 + x - 7. Let y(g) = 28*g - 113. Let b be y(6). Suppose b*z - 60*z = 0. What is k(z)?
-7
Let g(q) = 11*q**2 + 3*q - 2. Let d = -355 - -349. Let n(p) = -p**2 + 37. Let s be n(d). What is g(s)?
12
Let h(c) be the first derivative of -1/2*c**2 - 26 + 14*c. Let k be h(12). Let b(z) = 2*z + 2. Give b(k).
6
Let s(c) be the second derivative of -c**4/12 - 3*c**3 + 9*c**2/2 - 3*c - 25. Give s(-18).
9
Let d(i) = -6733*i - 3 - 7059*i + 13787*i. Suppose 0 = 3*m + 3*s - 0*s - 24, -6 = -m + s. Give d(m).
-38
Let q(z) be the second derivative of 9*z**5/20 + z**2/2 - 555*z. Determine q(1).
10
Let j(n) be the first derivative of -n**4/12 + 29*n**2 + 58. Let b(l) be the second derivative of j(l). Calculate b(5).
-10
Suppose 8*m + t - 16 = 5*m, 3*m + 4*t = 19. Let h(q) = 4*q + 3. Let g(w) = -10 - w - 4*w + 7. Let v(a) = m*g(a) + 6*h(a). Determine v(3).
0
Let s(b) = 1 + 239942*b**3 - 8*b + 5*b**2 - 239943*b**3 + 8. Calculate s(3).
3
Let a(c) = c**2 - 5*c + 12. Let d = 4300 + -4294. Determine a(d).
18
Let t be 3/(-12) - (-2)/((-56)/21). Let y(o) = -3*o**2 - 5*o - 6. What is y(t)?
-4
Let z(m) be the first derivative of m**4/4 - 8*m**3/3 - 11*m**2/2 - 7*m - 1197. What is z(9)?
-25
Let i = -141 - -144. Let b(t) = 1560*t**2 - t - 1554*t**2 + 4*t**3 - i*t**3 + 4*t - 6. Calculate b(-5).
4
Let h(l) = -l**3 - 15*l**2 + 33*l + 17. Let j(r) = 3*r**2 - 6*r + 1. Let q(s) = h(s) + 4*j(s). Determine q(-4).
1
Let r(n) = -n + 0 - 5 - 1. Let i(b) = -44*b + 34*b + 21 + 43. Let x be i(7). What is r(x)?
0
Let v(y) be the first derivative of y**4/24 + 3*y**3/2 - 97*y**2/2 - 25. Let b(z) be the second derivative of v(z). Determine b(-3).
6
Let d(z) = 2*z - 1. Let m be (-50 - -9)*(-42)/6. Let f = m + -288. Give d(f).
-3
Let t(b) = -b**2 - b + 25. Let w = 601 + -596. What is t(w)?
-5
Let x be -19 + (-18 - 20)/(-2). Let u(o) be the third derivative of -1/24*o**4 - 1/6*o**3 + x - 2*o**2 - 1/120*o**6 + 0*o - 1/60*o**5. Determine u(0).
-1
Let v(m) = -8*m - 1. Let p be ((-1 - -15) + -13)*(-1 - 0). Determine v(p).
7
Let q(j) = -168*j**2 - 3*j + 61*j**2 + j**3 + 96*j**2 + 2. Determine q(11).
-31
Let n(r) = 3*r**2 - 97*r - 56. Let b be n(33). Let t(a) = 3*a + 10. Let h(w) = -w - 5. Let x(z) = -5*h(z) - 2*t(z). Give x(b).
-5
Let t(o) = o**2 + 6*o - 1. Suppose -40 = -5*f - 7*d + 2*d, -2*d + 10 = 0. Suppose -3*j = -4*j + f*x + 110, 4*x = 4*j - 456. Let l = j - 122. Calculate t(l).
-1
Suppose h + 5 = 3*m, -4*h + 54*m - 50*m - 28 = 0. Let x(j) = 2*j**2 + 17*j + 7. Determine x(h).
-1
Let m be 0/(-1) + 2*(-3)/(-6). Let x(w) = w**3 - 2*w**2 + 1. Let i be x(m). Let r(j) = 32*j - 13*j + i - 18*j - 1 + j**2 - 8*j**3. Give r(1).
-7
Let t(s) = -s**3 - 27*s**2 - 25*s + 45. Let l be t(-26). Let k(c) = c**2 + 0*c**2 + 1 + 12*c - 2 - l*c. Determine k(8).
7
Let f(b) = 4*b**2 - 28*b - 5. Let g(d) = 126*d + 6307. Let i be g(-50). Calculate f(i).
-5
Let d(q) = 11*q**2 + 43*q - 1. Let x = -784 - -780. What is d(x)?
3
Let j(r) be the second derivative of -r**4/4 - 2*r**3/3 + 11*r**2/2 - 81*r + 3. Give j(3).
-28
Let l(c) = -3*c - 1. Let p = -4752 - -4749. What is l(p)?
8
Let y(t) = 15 - 6*t**2 + 2*t - 5*t**2 - 40 + 27 - 2*t**2. Let u(l) = -l**3 + 8*l**2 - 13*l + 5. Let w be u(6). Give y(w).
-13
Let h(b) be the third derivative of b**6/120 - 19*b**5/30 + 2*b**3/3 + 8*b**2 - 115. Determine h(38).
4
Let a = 484 + -447. Suppose -4*k + a = -3*w, -8*k + 5*k + 14 = -w. Let p(x) = -x**2 - 12*x + 6. Calculate p(w).
17
Let w(j) = -j**2 + 1. Let y(b) = -10*b + 1. Let a be y(0). Suppose 3*r - a = f, -2*r - 18 = 3*f + f. Give w(f).
-15
Let d be ((-2)/3)/(4/(-6)). Suppose 0 = 4*m + 3 + d. Let h(y) be the second derivative of y**5/5 - y**4/12 + y**2/2 - 7524*y - 1. What is h(m)?
-4
Let r(b) = 0*b - 10*b + b**2 - b + 2. Suppose -238 + 159 = -36*s + 245. Give r(s).
-16
Let q(r) = -r + 8. Let u = -3865 + 3870. Suppose -z + 5 = 0, 0*o + 5*z - 130 = -5*o. Suppose 0 = k - 0*k - u*l + o, 0 = 3*l - 15. Determine q(k).
4
Let i = -44 + 49. Suppose 6*o - i*o - 40 = -3*q, -16 = -4*o. Let w(v) = v**3 - 11*v**2 - 11*v + 7. What is w(q)?
19
Let v(k) be the first derivative of -k**4/4 - 5*k**3/3 + k